 = -379*q. What is the highest common factor of 387 and q?
43
Let y(a) = -3*a**2 + 90*a - 524. Let q be y(22). What is the greatest common divisor of 155 and q?
1
Let t = 1 - -6. Let q(u) = 25*u + 9. Suppose 4*h = 3*h + 3. Let z be q(h). What is the greatest common divisor of t and z?
7
Let f = -74 - -111. Let a = f - 29. Calculate the greatest common factor of a and 192.
8
Let y be (3/1)/(8916/(-992) + 9). What is the highest common factor of y and 32?
8
Suppose 5*k = -5*x + 110, 26*x - 22*x - 50 = -2*k. Calculate the highest common divisor of k and 17860.
19
Let n(l) = -l + 12. Let h be ((-4)/(-8)*0/(-4))/3. Let m be n(h). Suppose p - 480 = -4*p. Calculate the highest common divisor of p and m.
12
Let s(z) = -63*z - 9. Let y be s(-3). Suppose -5*h + 7 = -7*w + 10*w, 3*w = -2*h + 10. Suppose -p = w - 24. What is the greatest common factor of y and p?
20
Suppose 23 - 71 = -6*r. Suppose r*y + 2*y - 550 = 0. What is the highest common divisor of 11 and y?
11
Let c = 7110 - 7097. What is the highest common divisor of c and 2?
1
Suppose g = 3*g - 42. Let f = 614 - 596. Let p(u) = 10*u - 117. Let a be p(f). What is the greatest common divisor of a and g?
21
Let s(y) = -588*y + 2955. Let h be s(5). What is the highest common factor of h and 99?
3
Suppose -4*r - 2*z = -5044, 120 = r - 4*z - 1114. What is the highest common factor of r and 6?
2
Let y(l) = l**3 + 61*l**2 + 624*l + 10. Let p be y(-13). What is the highest common factor of p and 28?
2
Let a = -29930 + 30367. What is the highest common factor of a and 2139?
23
Suppose -5*u - 2*x = -1836, 10*u = 11*u - 3*x - 357. Calculate the highest common factor of u and 4575.
183
Let z be (-9 - -5) + (518 - -19). Calculate the highest common factor of 41 and z.
41
Suppose 0*b - 5*b = -5, 3*c = -4*b + 25. Suppose 5*a + 4*w = 224, 28 = a - 2*w + c*w. What is the greatest common factor of a and 80?
16
Let k(r) = 2185*r - 1012. Let j be k(1). What is the greatest common factor of j and 323?
17
Suppose 2*x + 13*k = 14*k + 852, 0 = -x + 2*k + 435. What is the greatest common divisor of x and 2397?
141
Let d = -16630 + 16638. What is the highest common divisor of 7016 and d?
8
Let u be (-22)/11*6/10*(-660)/2. Calculate the highest common factor of u and 1683.
99
Let p = 57 - 41. Suppose -p*f = -29*f + 780. Let k = -5 - -45. Calculate the greatest common factor of k and f.
20
Let u be (-11)/77 + 320/35 + 2. What is the highest common factor of u and 20317?
11
Suppose -3*i + 33 = -2*h - 4*i, 3*h + 43 = 5*i. Let u be (h/10 - -2)*-15. Let x(a) = -8*a - 20. Let z be x(u). What is the greatest common factor of z and 28?
28
Let o = -32 - -36. Suppose -o*q = -0 - 4, -3*r - 3*q = 1086. Let h = 591 + r. What is the greatest common factor of h and 12?
12
Let o = -733 + 738. Suppose -3*u + 131 = g - 155, -4*u = o*g - 385. Calculate the highest common divisor of u and 855.
95
Let x be 3*(3*(-10)/(-45) + 2). Let i be (x/34)/2 + (-4056)/(-204). Calculate the highest common divisor of i and 5.
5
Suppose -3*o = -6*o - 2*d + 3, -4*o = -d + 7. Let i be o*(-132)/(0 - -4). Suppose 0 = -8*n + i + 71. What is the highest common factor of 117 and n?
13
Suppose 2*q = 4*q + 2*p - 678, -3*p - 1035 = -3*q. Let r = q + -336. Calculate the greatest common factor of r and 138.
6
Suppose 2*x = -2*x + 544. Let p = 149 + -132. Calculate the greatest common factor of p and x.
17
Let c be 20/(-70) + (-228)/(-14). Let u(x) = -127*x**3 - 2*x - 1. Let f = -41 + 40. Let m be u(f). What is the highest common divisor of m and c?
16
Suppose 4*c + 26 = -2*y, -1 = 5*y - 5*c + 4. Let u(k) = 2*k**3 + 12*k**2 + 2*k - 1. Let d be u(y). What is the highest common divisor of 169 and d?
13
Let h be (4*(-716)/(-8))/2. Suppose 5*o = h + 561. Suppose -11*p + 18*p - 259 = 0. Calculate the greatest common divisor of p and o.
37
Let t = -3126 + 3158. What is the highest common divisor of t and 3?
1
Suppose 2*s + 6*s - 23296 = 0. Suppose 8*z - 2464 - s = 0. Let d = z - 456. What is the greatest common factor of 24 and d?
24
Let k be (-297)/(-6) + 1 - (-3)/(-6). Let t = 47 - k. Let p be -1 + (-240)/(-3) + t. Calculate the highest common factor of p and 19.
19
Let y = 2159 + -2127. What is the greatest common factor of 848 and y?
16
Suppose 0 = 4*t + v - 4712 - 7468, -2*t + 5*v = -6090. Calculate the highest common divisor of t and 30.
15
Suppose -2*d + m + 155 = 0, 12*m + 257 = 3*d + 7*m. Calculate the greatest common divisor of 6068 and d.
74
Suppose -6*x + 7*x = 45. Let c be -13 + 17 + (-8)/(-2) + -2. Calculate the greatest common divisor of x and c.
3
Let l(t) = 21*t**2 - 2*t - 4. Let g be l(-1). Let u = g - -58. Calculate the greatest common factor of u and 22.
11
Let y(q) = 9*q**2 - 12*q + 1. Let x be y(2). Suppose 8*t - x = 211. Calculate the greatest common divisor of t and 252.
28
Suppose -5*k - 275 = -4*u, 3*u = 5*k + 50 + 150. Suppose -4*y = -366 + 126. Calculate the greatest common factor of y and u.
15
Suppose 4*z + 184 = 1716. Suppose 4*o + i = z, 5*o - 2*o - 5*i = 293. Suppose -170*s - 84 = -177*s. Calculate the highest common factor of o and s.
12
Let x(b) = 6*b**2 + b - 3. Let n = -3 - 0. Let z be x(n). Let t be -90*(32/3)/(-8). What is the greatest common factor of t and z?
24
Suppose -3*w + 3*i = 5 - 77, 10 = 5*i. Let a = -25 + w. Let j be a/3 + 730/15. Calculate the highest common factor of j and 7.
7
Let f(u) = 109*u**2 + 31*u - 5. Let i be f(-5). Calculate the greatest common factor of 38 and i.
19
Suppose 0 = 148*s - 131*s - 1479. Calculate the highest common factor of s and 33.
3
Let r be (12/(-8) - -1)/(7/4102). Let c = r + 443. What is the greatest common factor of c and 18?
6
Let o be (112/96*-3)/((-2)/(-4)) - (-204 + 89). Let c = -18 - -28. Let d be (5/c)/(2/48). What is the greatest common factor of o and d?
12
Suppose c + 16 = t, 4*c = -0*t - 2*t + 44. Suppose -v + 190 = 3*i, -63*v + 61*v = 5*i - 317. What is the highest common factor of i and t?
9
Let q(w) = -71*w + 1. Let j be q(-1). Suppose 0*g - 6*g = -j. Let b be (729/6)/(6/g). What is the greatest common divisor of b and 27?
27
Let y be 123 - (3/(-3) + 2). Suppose 74*i = 70*i + 12. Suppose -4*n - i*h = -h - 164, y = 3*n + h. Calculate the greatest common divisor of 30 and n.
10
Let m = -37 - -31. Let t = m + 30. Let x be 84/t*8/14. What is the highest common factor of x and 2?
2
Suppose 0 = -4*r - 3*u + 140, -5*u = r + 2*r - 105. Let k(y) = 4*y + 14. Let p be k(r). What is the greatest common divisor of p and 22?
22
Suppose 64213 = 60*z - 66467. What is the highest common factor of z and 36?
18
Let b = -202 - -362. Let m(f) = 73*f**2 + 2*f - 11. Let p be m(-3). Suppose 9*l + 11*l = p. What is the highest common factor of l and b?
32
Suppose -4*b + 3*b - 15 = 0. Let z = 22 + b. Suppose 16 = z*w - 3*w. Calculate the highest common divisor of w and 12.
4
Suppose 106*n - 7462 = 18*n - 598. Calculate the greatest common factor of 8346 and n.
78
Suppose -2*k + 573 = k. Suppose -5*f - 3*n + 192 = 0, -2*f - 7*n + 77 = -6*n. Let w = k - f. What is the highest common factor of w and 38?
38
Let x = -235 - -655. Let s be (3/3 + -2)/((-1343)/(-340) + -4). Calculate the greatest common divisor of x and s.
20
Let f = -3613 - -3625. Let u be 1 + 0 + 1 - -8. Let g be (-24)/40 - (-186)/u. What is the highest common divisor of f and g?
6
Let a(k) be the first derivative of 16*k**3/3 - 5*k**2/2 + 3*k + 91. Let q be a(-3). What is the greatest common divisor of 6 and q?
6
Suppose -2*b = 5*i + 30 + 90, -b - 3*i - 58 = 0. Let t be 6*((-20)/b - 103/(-7)). What is the greatest common divisor of t and 120?
30
Let a be -10*(-3 - (1 + 1496/40)). What is the greatest common divisor of a and 1404?
18
Let y(f) = 16*f**2 + 35*f - 2. Suppose -4*x - n = 3*n + 36, 5*x - 5*n = -15. Let c be y(x). What is the greatest common divisor of 52 and c?
52
Suppose -136*w + 1022599 = -41*w - 73131. What is the greatest common factor of 474 and w?
158
Suppose -3*m - 22 = -2*m + 5*z, -3*m - 2*z = 1. Suppose n + 4*n - 290 = -5*y, -n = m*y - 64. Calculate the greatest common factor of n and 55.
55
Let q = -378 - -1002. Suppose -4 = -z, 3*i = -92*z + 87*z + 254. What is the highest common factor of i and q?
78
Let c(i) = -15*i**2 - 2*i - 1. Let j be c(-1). Let l be (-105)/j*(4/(-6))/1. Let d be (-4)/(-4) - 120/l. What is the hig